{"id":254,"date":"2026-03-09T13:15:43","date_gmt":"2026-03-09T13:15:43","guid":{"rendered":"https:\/\/monvoyage.uk\/?page_id=254"},"modified":"2026-03-23T15:40:08","modified_gmt":"2026-03-23T15:40:08","slug":"a-propos-de-monvoyage-uk-qui-est-lilou-votre-guide-voyage","status":"publish","type":"page","link":"https:\/\/monvoyage.uk\/index.php\/a-propos-de-monvoyage-uk-qui-est-lilou-votre-guide-voyage\/","title":{"rendered":"A propos du blog"},"content":{"rendered":"<p>[et_pb_section fb_built=\u00a0\u00bb1&Prime; admin_label=\u00a0\u00bbHeader\u00a0\u00bb _builder_version=\u00a0\u00bb4.27.6&Prime; _module_preset=\u00a0\u00bbdefault\u00a0\u00bb background_color=\u00a0\u00bb#FFFFFF\u00a0\u00bb custom_padding=\u00a0\u00bb||0px||false|false\u00a0\u00bb locked=\u00a0\u00bboff\u00a0\u00bb global_colors_info=\u00a0\u00bb{}\u00a0\u00bb][et_pb_row _builder_version=\u00a0\u00bb4.27.6&Prime; _module_preset=\u00a0\u00bbdefault\u00a0\u00bb custom_margin=\u00a0\u00bb-6px|auto||auto||\u00a0\u00bb global_colors_info=\u00a0\u00bb{}\u00a0\u00bb][et_pb_column type=\u00a0\u00bb4_4&Prime; _builder_version=\u00a0\u00bb4.27.6&Prime; _module_preset=\u00a0\u00bbdefault\u00a0\u00bb global_colors_info=\u00a0\u00bb{}\u00a0\u00bb][et_pb_text _builder_version=\u00a0\u00bb4.27.6&Prime; _module_preset=\u00a0\u00bbdefault\u00a0\u00bb global_colors_info=\u00a0\u00bb{}\u00a0\u00bb]<\/p>\n<h1 style=\"text-align: center;\">A propos du blog<\/h1>\n<p>[\/et_pb_text][\/et_pb_column][\/et_pb_row][et_pb_row _builder_version=\u00a0\u00bb4.27.6&Prime; _module_preset=\u00a0\u00bbdefault\u00a0\u00bb custom_margin=\u00a0\u00bb-6px|auto||auto||\u00a0\u00bb global_colors_info=\u00a0\u00bb{}\u00a0\u00bb][et_pb_column type=\u00a0\u00bb4_4&Prime; _builder_version=\u00a0\u00bb4.27.6&Prime; _module_preset=\u00a0\u00bbdefault\u00a0\u00bb global_colors_info=\u00a0\u00bb{}\u00a0\u00bb][et_pb_testimonial author=\u00a0\u00bbLilou\u00a0\u00bb portrait_url=\u00a0\u00bbhttps:\/\/monvoyage.uk\/wp-content\/uploads\/2026\/03\/telechargement-17.jpg\u00a0\u00bb _builder_version=\u00a0\u00bb4.27.6&Prime; _module_preset=\u00a0\u00bbdefault\u00a0\u00bb global_colors_info=\u00a0\u00bb{}\u00a0\u00bb]<\/p>\n<h3 data-path-to-node=\"4\">Bienvenue dans mon univers de voyageuse<\/h3>\n<p data-path-to-node=\"5\">Si vous avez atterri ici, c&rsquo;est que nous partageons probablement la m\u00eame soif de d\u00e9couverte. Je suis <b data-path-to-node=\"5\" data-index-in-node=\"101\">Lilou<\/b>, la fondatrice de <b data-path-to-node=\"5\" data-index-in-node=\"132\">monvoyage.uk<\/b>, et je suis ravie de vous accueillir dans mon espace d\u00e9di\u00e9 \u00e0 l&rsquo;exploration authentique.<\/p>\n<p data-path-to-node=\"6\">Passionn\u00e9e par les cartes g\u00e9ographiques depuis l&rsquo;enfance et voyageuse inv\u00e9t\u00e9r\u00e9e, j&rsquo;ai cr\u00e9\u00e9 ce blog avec une id\u00e9e fixe : prouver que le voyage ne se mesure pas en kilom\u00e8tres parcourus, mais en \u00e9motions ressenties. Sur cette page, vous trouverez l&rsquo;int\u00e9gralit\u00e9 de mes r\u00e9cits, de mes guides pratiques et de mes coups de c\u0153ur, tous test\u00e9s et approuv\u00e9s sur le terrain.<\/p>\n<h3 data-path-to-node=\"7\">Pourquoi j&rsquo;ai cr\u00e9\u00e9 monvoyage.uk ?<\/h3>\n<p data-path-to-node=\"8\">On me demande souvent : \u00ab Lilou, pourquoi encore un blog de voyage en 2026 ? \u00bb. La r\u00e9ponse est simple : parce que je suis fatigu\u00e9e de voir les voyageurs s&rsquo;entasser aux m\u00eames endroits, manger dans les m\u00eames cha\u00eenes de restaurants et rater l&rsquo;essence m\u00eame des destinations qu&rsquo;ils visitent.<\/p>\n<p data-path-to-node=\"9\">Mon approche est diff\u00e9rente. Je ne cherche pas la photo \u00ab\u00a0Instagrammable\u00a0\u00bb parfaite au prix d&rsquo;une heure d&rsquo;attente. Ce qui m&rsquo;anime, c&rsquo;est de d\u00e9nicher le petit caf\u00e9 de quartier \u00e0 <b data-path-to-node=\"9\" data-index-in-node=\"175\">Paris<\/b> o\u00f9 le serveur conna\u00eet tout le monde, de trouver la crique d\u00e9serte dans les <b data-path-to-node=\"9\" data-index-in-node=\"256\">Cyclades<\/b> que seuls les locaux fr\u00e9quentent, ou de vous expliquer comment traverser <b data-path-to-node=\"9\" data-index-in-node=\"338\">Barcelone<\/b> comme un habitu\u00e9 gr\u00e2ce \u00e0 mes astuces sur les transports locaux.<\/p>\n<p>[\/et_pb_testimonial][\/et_pb_column][\/et_pb_row][et_pb_row _builder_version=\u00a0\u00bb4.27.6&Prime; _module_preset=\u00a0\u00bbdefault\u00a0\u00bb global_colors_info=\u00a0\u00bb{}\u00a0\u00bb][et_pb_column type=\u00a0\u00bb4_4&Prime; _builder_version=\u00a0\u00bb4.27.6&Prime; _module_preset=\u00a0\u00bbdefault\u00a0\u00bb global_colors_info=\u00a0\u00bb{}\u00a0\u00bb][et_pb_text _builder_version=\u00a0\u00bb4.27.6&Prime; _module_preset=\u00a0\u00bbdefault\u00a0\u00bb global_colors_info=\u00a0\u00bb{}\u00a0\u00bb]<\/p>\n<h2 style=\"text-align: center;\">Tous nos articles de blog<\/h2>\n<p>[\/et_pb_text][et_pb_blog include_categories=\u00a0\u00bball\u00a0\u00bb _builder_version=\u00a0\u00bb4.27.6&Prime; _module_preset=\u00a0\u00bbdefault\u00a0\u00bb global_colors_info=\u00a0\u00bb{}\u00a0\u00bb][\/et_pb_blog][\/et_pb_column][\/et_pb_row][\/et_pb_section]<\/p>\n","protected":false},"excerpt":{"rendered":"<p>A propos du blogBienvenue dans mon univers de voyageuse Si vous avez atterri ici, c&rsquo;est que nous partageons probablement la m\u00eame soif de d\u00e9couverte. Je suis Lilou, la fondatrice de monvoyage.uk, et je suis ravie de vous accueillir dans mon espace d\u00e9di\u00e9 \u00e0 l&rsquo;exploration authentique. Passionn\u00e9e par les cartes g\u00e9ographiques depuis l&rsquo;enfance et voyageuse inv\u00e9t\u00e9r\u00e9e, [&hellip;]<\/p>\n","protected":false},"author":1,"featured_media":0,"parent":0,"menu_order":0,"comment_status":"closed","ping_status":"closed","template":"","meta":{"_et_pb_use_builder":"on","_et_pb_old_content":"","_et_gb_content_width":"","footnotes":""},"class_list":["post-254","page","type-page","status-publish","hentry"],"yoast_head":"<!-- This site is optimized with the Yoast SEO plugin v27.2 - https:\/\/yoast.com\/product\/yoast-seo-wordpress\/ -->\n<title>A propos du blog - lil&#039;voyage<\/title>\n<meta name=\"description\" content=\"D\u00e9couvrez l&#039;histoire de monvoyage.uk et l&#039;expertise de Lilou. Nous partageons avec toi notre passion pour le voyage.\" \/>\n<meta name=\"robots\" content=\"index, follow, max-snippet:-1, max-image-preview:large, max-video-preview:-1\" \/>\n<link rel=\"canonical\" href=\"https:\/\/monvoyage.uk\/index.php\/a-propos-de-monvoyage-uk-qui-est-lilou-votre-guide-voyage\/\" \/>\n<meta property=\"og:locale\" content=\"fr_FR\" \/>\n<meta property=\"og:type\" content=\"article\" \/>\n<meta property=\"og:title\" content=\"A propos du blog - lil&#039;voyage\" \/>\n<meta property=\"og:description\" content=\"D\u00e9couvrez l&#039;histoire de monvoyage.uk et l&#039;expertise de Lilou. Nous partageons avec toi notre passion pour le voyage.\" \/>\n<meta property=\"og:url\" content=\"https:\/\/monvoyage.uk\/index.php\/a-propos-de-monvoyage-uk-qui-est-lilou-votre-guide-voyage\/\" \/>\n<meta property=\"og:site_name\" content=\"lil&#039;voyage\" \/>\n<meta property=\"article:modified_time\" content=\"2026-03-23T15:40:08+00:00\" \/>\n<meta name=\"twitter:card\" content=\"summary_large_image\" \/>\n<meta name=\"twitter:label1\" content=\"Dur\u00e9e de lecture estim\u00e9e\" \/>\n\t<meta name=\"twitter:data1\" content=\"2 minutes\" \/>\n<script type=\"application\/ld+json\" class=\"yoast-schema-graph\">{\"@context\":\"https:\/\/schema.org\",\"@graph\":[{\"@type\":\"WebPage\",\"@id\":\"https:\/\/monvoyage.uk\/index.php\/a-propos-de-monvoyage-uk-qui-est-lilou-votre-guide-voyage\/\",\"url\":\"https:\/\/monvoyage.uk\/index.php\/a-propos-de-monvoyage-uk-qui-est-lilou-votre-guide-voyage\/\",\"name\":\"A propos du blog - lil&#039;voyage\",\"isPartOf\":{\"@id\":\"https:\/\/monvoyage.uk\/#website\"},\"datePublished\":\"2026-03-09T13:15:43+00:00\",\"dateModified\":\"2026-03-23T15:40:08+00:00\",\"description\":\"D\u00e9couvrez l'histoire de monvoyage.uk et l'expertise de Lilou. Nous partageons avec toi notre passion pour le voyage.\",\"breadcrumb\":{\"@id\":\"https:\/\/monvoyage.uk\/index.php\/a-propos-de-monvoyage-uk-qui-est-lilou-votre-guide-voyage\/#breadcrumb\"},\"inLanguage\":\"fr-FR\",\"potentialAction\":[{\"@type\":\"ReadAction\",\"target\":[\"https:\/\/monvoyage.uk\/index.php\/a-propos-de-monvoyage-uk-qui-est-lilou-votre-guide-voyage\/\"]}]},{\"@type\":\"BreadcrumbList\",\"@id\":\"https:\/\/monvoyage.uk\/index.php\/a-propos-de-monvoyage-uk-qui-est-lilou-votre-guide-voyage\/#breadcrumb\",\"itemListElement\":[{\"@type\":\"ListItem\",\"position\":1,\"name\":\"Accueil\",\"item\":\"https:\/\/monvoyage.uk\/\"},{\"@type\":\"ListItem\",\"position\":2,\"name\":\"A propos du blog\"}]},{\"@type\":\"WebSite\",\"@id\":\"https:\/\/monvoyage.uk\/#website\",\"url\":\"https:\/\/monvoyage.uk\/\",\"name\":\"lil&#039;voyage\",\"description\":\"\",\"publisher\":{\"@id\":\"https:\/\/monvoyage.uk\/#organization\"},\"potentialAction\":[{\"@type\":\"SearchAction\",\"target\":{\"@type\":\"EntryPoint\",\"urlTemplate\":\"https:\/\/monvoyage.uk\/?s={search_term_string}\"},\"query-input\":{\"@type\":\"PropertyValueSpecification\",\"valueRequired\":true,\"valueName\":\"search_term_string\"}}],\"inLanguage\":\"fr-FR\"},{\"@type\":\"Organization\",\"@id\":\"https:\/\/monvoyage.uk\/#organization\",\"name\":\"lil&#039;voyage\",\"url\":\"https:\/\/monvoyage.uk\/\",\"logo\":{\"@type\":\"ImageObject\",\"inLanguage\":\"fr-FR\",\"@id\":\"https:\/\/monvoyage.uk\/#\/schema\/logo\/image\/\",\"url\":\"https:\/\/monvoyage.uk\/wp-content\/uploads\/2026\/02\/cropped-Gemini_Generated_Image_j490ukj490ukj490.png\",\"contentUrl\":\"https:\/\/monvoyage.uk\/wp-content\/uploads\/2026\/02\/cropped-Gemini_Generated_Image_j490ukj490ukj490.png\",\"width\":736,\"height\":590,\"caption\":\"lil&#039;voyage\"},\"image\":{\"@id\":\"https:\/\/monvoyage.uk\/#\/schema\/logo\/image\/\"}}]}<\/script>\n<!-- \/ Yoast SEO plugin. -->","yoast_head_json":{"title":"A propos du blog - lil&#039;voyage","description":"D\u00e9couvrez l'histoire de monvoyage.uk et l'expertise de Lilou. Nous partageons avec toi notre passion pour le voyage.","robots":{"index":"index","follow":"follow","max-snippet":"max-snippet:-1","max-image-preview":"max-image-preview:large","max-video-preview":"max-video-preview:-1"},"canonical":"https:\/\/monvoyage.uk\/index.php\/a-propos-de-monvoyage-uk-qui-est-lilou-votre-guide-voyage\/","og_locale":"fr_FR","og_type":"article","og_title":"A propos du blog - lil&#039;voyage","og_description":"D\u00e9couvrez l'histoire de monvoyage.uk et l'expertise de Lilou. Nous partageons avec toi notre passion pour le voyage.","og_url":"https:\/\/monvoyage.uk\/index.php\/a-propos-de-monvoyage-uk-qui-est-lilou-votre-guide-voyage\/","og_site_name":"lil&#039;voyage","article_modified_time":"2026-03-23T15:40:08+00:00","twitter_card":"summary_large_image","twitter_misc":{"Dur\u00e9e de lecture estim\u00e9e":"2 minutes"},"schema":{"@context":"https:\/\/schema.org","@graph":[{"@type":"WebPage","@id":"https:\/\/monvoyage.uk\/index.php\/a-propos-de-monvoyage-uk-qui-est-lilou-votre-guide-voyage\/","url":"https:\/\/monvoyage.uk\/index.php\/a-propos-de-monvoyage-uk-qui-est-lilou-votre-guide-voyage\/","name":"A propos du blog - lil&#039;voyage","isPartOf":{"@id":"https:\/\/monvoyage.uk\/#website"},"datePublished":"2026-03-09T13:15:43+00:00","dateModified":"2026-03-23T15:40:08+00:00","description":"D\u00e9couvrez l'histoire de monvoyage.uk et l'expertise de Lilou. Nous partageons avec toi notre passion pour le voyage.","breadcrumb":{"@id":"https:\/\/monvoyage.uk\/index.php\/a-propos-de-monvoyage-uk-qui-est-lilou-votre-guide-voyage\/#breadcrumb"},"inLanguage":"fr-FR","potentialAction":[{"@type":"ReadAction","target":["https:\/\/monvoyage.uk\/index.php\/a-propos-de-monvoyage-uk-qui-est-lilou-votre-guide-voyage\/"]}]},{"@type":"BreadcrumbList","@id":"https:\/\/monvoyage.uk\/index.php\/a-propos-de-monvoyage-uk-qui-est-lilou-votre-guide-voyage\/#breadcrumb","itemListElement":[{"@type":"ListItem","position":1,"name":"Accueil","item":"https:\/\/monvoyage.uk\/"},{"@type":"ListItem","position":2,"name":"A propos du blog"}]},{"@type":"WebSite","@id":"https:\/\/monvoyage.uk\/#website","url":"https:\/\/monvoyage.uk\/","name":"lil&#039;voyage","description":"","publisher":{"@id":"https:\/\/monvoyage.uk\/#organization"},"potentialAction":[{"@type":"SearchAction","target":{"@type":"EntryPoint","urlTemplate":"https:\/\/monvoyage.uk\/?s={search_term_string}"},"query-input":{"@type":"PropertyValueSpecification","valueRequired":true,"valueName":"search_term_string"}}],"inLanguage":"fr-FR"},{"@type":"Organization","@id":"https:\/\/monvoyage.uk\/#organization","name":"lil&#039;voyage","url":"https:\/\/monvoyage.uk\/","logo":{"@type":"ImageObject","inLanguage":"fr-FR","@id":"https:\/\/monvoyage.uk\/#\/schema\/logo\/image\/","url":"https:\/\/monvoyage.uk\/wp-content\/uploads\/2026\/02\/cropped-Gemini_Generated_Image_j490ukj490ukj490.png","contentUrl":"https:\/\/monvoyage.uk\/wp-content\/uploads\/2026\/02\/cropped-Gemini_Generated_Image_j490ukj490ukj490.png","width":736,"height":590,"caption":"lil&#039;voyage"},"image":{"@id":"https:\/\/monvoyage.uk\/#\/schema\/logo\/image\/"}}]}},"_links":{"self":[{"href":"https:\/\/monvoyage.uk\/index.php\/wp-json\/wp\/v2\/pages\/254","targetHints":{"allow":["GET"]}}],"collection":[{"href":"https:\/\/monvoyage.uk\/index.php\/wp-json\/wp\/v2\/pages"}],"about":[{"href":"https:\/\/monvoyage.uk\/index.php\/wp-json\/wp\/v2\/types\/page"}],"author":[{"embeddable":true,"href":"https:\/\/monvoyage.uk\/index.php\/wp-json\/wp\/v2\/users\/1"}],"replies":[{"embeddable":true,"href":"https:\/\/monvoyage.uk\/index.php\/wp-json\/wp\/v2\/comments?post=254"}],"version-history":[{"count":12,"href":"https:\/\/monvoyage.uk\/index.php\/wp-json\/wp\/v2\/pages\/254\/revisions"}],"predecessor-version":[{"id":332,"href":"https:\/\/monvoyage.uk\/index.php\/wp-json\/wp\/v2\/pages\/254\/revisions\/332"}],"wp:attachment":[{"href":"https:\/\/monvoyage.uk\/index.php\/wp-json\/wp\/v2\/media?parent=254"}],"curies":[{"name":"wp","href":"https:\/\/api.w.org\/{rel}","templated":true}]}}